s divided by 5.
1
Calculate the remainder when 55869 is divided by 10.
9
Calculate the remainder when 1252988 is divided by 52.
48
What is the remainder when 976651 is divided by 19150?
1
Calculate the remainder when 3418 is divided by 1155.
1108
Calculate the remainder when 26725 is divided by 161.
160
Calculate the remainder when 1591 is divided by 114.
109
Calculate the remainder when 7745 is divided by 1289.
11
Calculate the remainder when 1779 is divided by 669.
441
What is the remainder when 1599 is divided by 673?
253
Calculate the remainder when 214219 is divided by 11.
5
What is the remainder when 4104 is divided by 147?
135
Calculate the remainder when 359 is divided by 327.
32
Calculate the remainder when 158 is divided by 87.
71
Calculate the remainder when 39780 is divided by 273.
195
Calculate the remainder when 68004 is divided by 694.
686
Calculate the remainder when 24976 is divided by 1252.
1188
Calculate the remainder when 110653 is divided by 532.
529
Calculate the remainder when 905178 is divided by 67.
8
What is the remainder when 3119889 is divided by 505?
504
Calculate the remainder when 831 is divided by 561.
270
Calculate the remainder when 112916 is divided by 8064.
20
What is the remainder when 20100 is divided by 116?
32
What is the remainder when 7125 is divided by 120?
45
What is the remainder when 57681 is divided by 506?
503
What is the remainder when 419038 is divided by 120?
118
Calculate the remainder when 2198 is divided by 144.
38
Calculate the remainder when 6844 is divided by 855.
4
What is the remainder when 45666 is divided by 109?
104
What is the remainder when 46129 is divided by 82?
45
What is the remainder when 2546 is divided by 2263?
283
Calculate the remainder when 9212 is divided by 420.
392
What is the remainder when 1841 is divided by 153?
5
Calculate the remainder when 75060 is divided by 13.
11
What is the remainder when 9187583 is divided by 4?
3
What is the remainder when 32333 is divided by 140?
133
What is the remainder when 17213 is divided by 19?
18
What is the remainder when 9642 is divided by 39?
9
Calculate the remainder when 298440 is divided by 24870.
0
Calculate the remainder when 5017 is divided by 2396.
225
Calculate the remainder when 8257 is divided by 1901.
653
What is the remainder when 10926 is divided by 3641?
3
Calculate the remainder when 317217 is divided by 280.
257
Calculate the remainder when 93333 is divided by 24.
21
Calculate the remainder when 194326 is divided by 78.
28
What is the remainder when 1987 is divided by 296?
211
What is the remainder when 19802 is divided by 115?
22
Calculate the remainder when 15226 is divided by 6.
4
What is the remainder when 9908 is divided by 12?
8
Calculate the remainder when 15129 is divided by 2521.
3
What is the remainder when 130878 is divided by 65436?
6
Calculate the remainder when 2633405 is divided by 173.
172
Calculate the remainder when 36951 is divided by 12317.
0
Calculate the remainder when 28218 is divided by 13.
8
What is the remainder when 139696 is divided by 26?
24
Calculate the remainder when 3277 is divided by 334.
271
What is the remainder when 1352 is divided by 450?
2
What is the remainder when 1538 is divided by 46?
20
What is the remainder when 5602115 is divided by 61?
58
What is the remainder when 7205 is divided by 151?
108
What is the remainder when 32966 is divided by 8?
6
Calculate the remainder when 5656 is divided by 21.
7
Calculate the remainder when 391 is divided by 136.
119
What is the remainder when 4924 is divided by 99?
73
What is the remainder when 59128 is divided by 5374?
14
Calculate the remainder when 603 is divided by 171.
90
What is the remainder when 2795 is divided by 261?
185
What is the remainder when 256280 is divided by 128137?
6
Calculate the remainder when 313047 is divided by 436.
435
What is the remainder when 26197 is divided by 6546?
13
What is the remainder when 353 is divided by 128?
97
What is the remainder when 21633 is divided by 158?
145
What is the remainder when 3327 is divided by 165?
27
Calculate the remainder when 28764 is divided by 213.
9
Calculate the remainder when 3046 is divided by 345.
286
What is the remainder when 649991 is divided by 438?
437
Calculate the remainder when 13767 is divided by 18.
15
What is the remainder when 11858564 is divided by 95?
94
Calculate the remainder when 97644 is divided by 150.
144
What is the remainder when 60424 is divided by 250?
174
What is the remainder when 42891 is divided by 38?
27
Calculate the remainder when 307323 is divided by 138.
135
Calculate the remainder when 163643 is divided by 22.
7
Calculate the remainder when 86808 is divided by 1887.
6
What is the remainder when 369356 is divided by 46168?
12
Calculate the remainder when 10355 is divided by 5143.
69
What is the remainder when 7658 is divided by 111?
110
Calculate the remainder when 422 is divided by 13.
6
What is the remainder when 54198 is divided by 19?
10
Calculate the remainder when 57609 is divided by 367.
357
What is the remainder when 3311 is divided by 326?
51
Calculate the remainder when 1333 is divided by 882.
451
Calculate the remainder when 22457 is divided by 136.
17
What is the remainder when 866190 is divided by 86?
84
What is the remainder when 101830 is divided by 1257?
13
What is the remainder when 197578 is divided by 49?
10
Calculate the remainder when 6723 is divided by 325.
223
Calculate the remainder when 1011772 is divided by 25.
22
Calculate the remainder when 839 is divided by 496.
343
Calculate the remainder when 41527 is divided by 111.
13
What is the remainder when 30300 is divided by 15123?
54
Calculate the remainder when 8483 is divided by 13.
7
Calculate the remainder when 1010212 is divided by 13.
8
Calculate the remainder when 9241 is divided by 440.
1
What is the remainder when 9257 is divided by 4595?
67
What is the remainder when 62370 is divided by 114?
12
Calculate the remainder when 22049 is divided by 269.
260
What is the remainder when 11694 is divided by 67?
36
What is the remainder when 2756419 is divided by 394?
389
What is the remainder when 4229 is divided by 1406?
11
What is the remainder when 70848 is divided by 21?
15
What is the remainder when 498804 is divided by 6158?
6
Calculate the remainder when 955949 is divided by 26.
7
Calculate the remainder when 149878 is divided by 74916.
46
Calculate the remainder when 2432 is divided by 1091.
250
Calculate the remainder when 236003 is divided by 2843.
34
What is the remainder when 67544 is divided by 82?
58
What is the remainder when 1946164 is divided by 395?
394
What is the remainder when 22975 is divided by 209?
194
Calculate the remainder when 26435 is divided by 13213.
9
What is the remainder when 53464 is divided by 138?
58
Calculate the remainder when 3663 is divided by 436.
175
What is the remainder when 4998 is divided by 2482?
34
What is the remainder when 13379 is divided by 784?
51
Calculate the remainder when 312813 is divided by 784.
781
Calculate the remainder when 416 is divided by 32.
0
What is the remainder when 124952 is divided by 41637?
41
What is the remainder when 28508 is divided by 11?
7
What is the remainder when 2982 is divided by 173?
41
Calculate the remainder when 4132 is divided by 243.
1
What is the remainder when 4026 is divided by 76?
74
What is the remainder when 1057969 is divided by 32?
17
Calculate the remainder when 18801 is divided by 313.
21
Calculate the remainder when 52114 is divided by 983.
15
Calculate the remainder when 125138 is divided by 818.
802
Calculate the remainder when 11266 is divided by 5625.
16
What is the remainder when 355351 is divided by 455?
451
What is the remainder when 9556 is divided by 56?
36
Calculate the remainder when 1610 is divided by 703.
204
Calculate the remainder when 64561 is divided by 21.
7
What is the remainder when 11385 is divided by 2003?
1370
Calculate the remainder when 11684 is divided by 20.
4
Calculate the remainder when 10482 is divided by 646.
146
What is the remainder when 1458 is divided by 31?
1
What is the remainder when 24079 is divided by 436?
99
Calculate the remainder when 98295 is divided by 451.
428
What is the remainder when 9665 is divided by 